{"id":3209,"date":"2020-06-24T09:01:50","date_gmt":"2020-06-24T07:01:50","guid":{"rendered":"https:\/\/interimco.fr\/logistique\/?page_id=3209"},"modified":"2025-03-11T15:51:58","modified_gmt":"2025-03-11T13:51:58","slug":"aide-au-recrutement-de-travailleurs-handicapes-et-ou-seniors","status":"publish","type":"page","link":"https:\/\/interimco.fr\/medical\/clients\/aide-au-recrutement-de-travailleurs-handicapes-et-ou-seniors\/","title":{"rendered":"Aide au recrutement de travailleurs handicap\u00e9s et\/ou seniors"},"content":{"rendered":"<div class=\"wpb-content-wrapper\"><p>[vc_row full_width=\u00a0\u00bbstretch_row\u00a0\u00bb gap=\u00a0\u00bb30&Prime; equal_height=\u00a0\u00bbyes\u00a0\u00bb content_placement=\u00a0\u00bbmiddle\u00a0\u00bb css=\u00a0\u00bb.vc_custom_1592818944657{padding-bottom: 80px !important;}\u00a0\u00bb][vc_column width=\u00a0\u00bb1\/2&Prime;]<div id=\"ultimate-heading-403469e1cc9b0ae33\" class=\"uvc-heading ult-adjust-bottom-margin ultimate-heading-403469e1cc9b0ae33 uvc-5677 accent-border-color\" data-hspacer=\"line_only\"  data-halign=\"left\" style=\"text-align:left\"><div class=\"uvc-main-heading ult-responsive\"  data-ultimate-target='.uvc-heading.ultimate-heading-403469e1cc9b0ae33 h2'  data-responsive-json-new='{\"font-size\":\"mobile_landscape:24px;\",\"line-height\":\"mobile_landscape:34px;\"}' ><h2 style=\"font-weight:bold;margin-bottom:20px;\">Obligation d\u2019embauche de travailleurs handicap\u00e9s<\/h2><\/div><div class=\"uvc-heading-spacer line_only\" style=\"margin-bottom:65px;height:2px;\"><span class=\"uvc-headings-line\" style=\"border-style:solid;border-bottom-width:2px;border-color:;width:150px;\"><\/span><\/div><\/div>[vc_column_text]La loi du 10 juillet 1987 oblige <strong>les entreprises d\u2019au moins 20 salari\u00e9s<\/strong> \u00e0 <strong>employer des personnes handicap\u00e9es<\/strong> \u00e0 temps plein ou partiel dans la proportion de <strong>6 % de l\u2019effectif<\/strong>. Depuis le 1er janvier 2010, les entreprises qui ne respectent pas cette obligation sont durement p\u00e9nalis\u00e9es[\/vc_column_text][\/vc_column][vc_column width=\u00a0\u00bb1\/2&Prime;]<style type=\"text\/css\" data-type=\"the7_shortcodes-inline-css\">.shortcode-single-image-wrap.shortcode-single-image-ab9a0f0491bc7a3219e2db3a408348f4.enable-bg-rollover .rollover i,\n.shortcode-single-image-wrap.shortcode-single-image-ab9a0f0491bc7a3219e2db3a408348f4.enable-bg-rollover .rollover-video i {\n  background: -webkit-linear-gradient();\n  background: linear-gradient();\n}\n.shortcode-single-image-wrap.shortcode-single-image-ab9a0f0491bc7a3219e2db3a408348f4 .rollover-icon {\n  font-size: 32px;\n  color: #ffffff;\n  min-width: 44px;\n  min-height: 44px;\n  line-height: 44px;\n  border-radius: 100px;\n  border-style: solid;\n  border-width: 0px;\n}\n.dt-icon-bg-on.shortcode-single-image-wrap.shortcode-single-image-ab9a0f0491bc7a3219e2db3a408348f4 .rollover-icon {\n  background: rgba(255,255,255,0.3);\n  box-shadow: none;\n}<\/style><div class=\"shortcode-single-image-wrap shortcode-single-image-ab9a0f0491bc7a3219e2db3a408348f4 alignnone  enable-bg-rollover dt-icon-bg-off\" style=\"margin-top:0px; margin-bottom:0px; margin-left:0px; margin-right:0px; width:500px;\"><div class=\"shortcode-single-image\"><div class=\"fancy-media-wrap  layzr-bg\" style=\"border-radius:5px;\"><img fetchpriority=\"high\" decoding=\"async\" class=\"preload-me lazy-load aspect\" src=\"data:image\/svg+xml,%3Csvg%20xmlns%3D&#39;http%3A%2F%2Fwww.w3.org%2F2000%2Fsvg&#39;%20viewBox%3D&#39;0%200%20500%20333&#39;%2F%3E\" data-src=\"https:\/\/interimco.fr\/medical\/wp-content\/uploads\/sites\/8\/2020\/06\/travailleurs_handicape_interim_cos-500x333.jpg\" data-srcset=\"https:\/\/interimco.fr\/medical\/wp-content\/uploads\/sites\/8\/2020\/06\/travailleurs_handicape_interim_cos-500x333.jpg 500w, https:\/\/interimco.fr\/medical\/wp-content\/uploads\/sites\/8\/2020\/06\/travailleurs_handicape_interim_cos.jpg 1000w\" loading=\"eager\" sizes=\"(max-width: 500px) 100vw, 500px\" width=\"500\" height=\"333\"  data-dt-location=\"https:\/\/interimco.fr\/medical\/clients\/aide-au-recrutement-de-travailleurs-handicapes-et-ou-seniors\/travailleurs_handicape_interim_cos\/\" style=\"--ratio: 500 \/ 333;border-radius:5px;\" alt=\"\" \/><\/div><\/div><\/div>[\/vc_column][\/vc_row][vc_row equal_height=\u00a0\u00bbyes\u00a0\u00bb content_placement=\u00a0\u00bbmiddle\u00a0\u00bb bg_type=\u00a0\u00bbbg_color\u00a0\u00bb bg_override=\u00a0\u00bbfull\u00a0\u00bb css=\u00a0\u00bb.vc_custom_1741701117110{padding-top: 60px !important;padding-bottom: 30px !important;}\u00a0\u00bb bg_color_value=\u00a0\u00bb#00B70C\u00a0\u00bb][vc_column width=\u00a0\u00bb1\/2&Prime; css=\u00a0\u00bb.vc_custom_1580038666315{padding-bottom: 30px !important;}\u00a0\u00bb offset=\u00a0\u00bbvc_col-lg-8 vc_col-md-7&Prime;]<div id=\"ultimate-heading-252069e1cc9b0bbcc\" class=\"uvc-heading ult-adjust-bottom-margin ultimate-heading-252069e1cc9b0bbcc uvc-7760 \" data-hspacer=\"no_spacer\"  data-halign=\"left\" style=\"text-align:left\"><div class=\"uvc-heading-spacer no_spacer\" style=\"top\"><\/div><div class=\"uvc-main-heading ult-responsive\"  data-ultimate-target='.uvc-heading.ultimate-heading-252069e1cc9b0bbcc h2'  data-responsive-json-new='{\"font-size\":\"mobile_landscape:24px;\",\"line-height\":\"mobile_landscape:34px;\"}' ><h2 style=\"--font-weight:theme;color:#ffffff;\">AUCUN ABONNEMENT. N\u2019h\u00e9sitez pas \u00e0 nous contacter !<\/h2><\/div><\/div>[\/vc_column][vc_column width=\u00a0\u00bb1\/2&Prime; css=\u00a0\u00bb.vc_custom_1580038658810{padding-bottom: 30px !important;}\u00a0\u00bb offset=\u00a0\u00bbvc_col-lg-4 vc_col-md-5&Prime;]<style type=\"text\/css\" data-type=\"the7_shortcodes-inline-css\">#default-btn-c46455f9ab69a5d27bbc040cdd8f593c {\n  border-radius: 5px;\n  font-size: 20px;\n  line-height: 22px;\n}\n.btn-shadow#default-btn-c46455f9ab69a5d27bbc040cdd8f593c {\n  box-shadow: 0 1px 6px rgba(0,0,0,0.12);\n  transition: box-shadow 0.2s ease-out, opacity 0.45s;\n}\n.btn-shadow#default-btn-c46455f9ab69a5d27bbc040cdd8f593c:hover {\n  box-shadow: 0 5px 11px 0 rgba(0,0,0,0.18), 0 4px 15px 0 rgba(0,0,0,0.15);\n}\n.btn-3d#default-btn-c46455f9ab69a5d27bbc040cdd8f593c:hover {\n  box-shadow: 0px 2px 0px 0px #e0e0e0;\n}\n.btn-flat#default-btn-c46455f9ab69a5d27bbc040cdd8f593c {\n  box-shadow: none;\n}\n.btn-flat#default-btn-c46455f9ab69a5d27bbc040cdd8f593c:hover {\n  box-shadow: none;\n}\n#default-btn-c46455f9ab69a5d27bbc040cdd8f593c.ico-right-side > i {\n  margin-right: 0px;\n  margin-left: 15px;\n}\n#default-btn-c46455f9ab69a5d27bbc040cdd8f593c > i {\n  margin-right: 15px;\n  font-size: 24px;\n}\n#default-btn-c46455f9ab69a5d27bbc040cdd8f593c:not(:hover) {\n  border-width: 3px;\n  border-color: #ffffff !important;\n  color: #ffffff;\n  background: none !important;\n  padding: 18px 10px 18px 10px;\n}\n#default-btn-c46455f9ab69a5d27bbc040cdd8f593c:not(:hover) * {\n  color: #ffffff;\n}\n#default-btn-c46455f9ab69a5d27bbc040cdd8f593c:hover {\n  border-width: 0px;\n  color: #1e73be;\n  background: #ffffff !important;\n  padding: 21px 13px 21px 13px;\n}\n#default-btn-c46455f9ab69a5d27bbc040cdd8f593c:hover * {\n  color: #1e73be;\n}\n#default-btn-c46455f9ab69a5d27bbc040cdd8f593c.ico-right-side > i {\n  margin-right: 0px;\n  margin-left: 15px;\n}\n#default-btn-c46455f9ab69a5d27bbc040cdd8f593c > i {\n  margin-right: 15px;\n}<\/style><div class=\"btn-align-center\"><a href=\"https:\/\/interimco.fr\/clients\/passez-vos-offres-demploi\/\" class=\"default-btn-shortcode dt-btn link-hover-off full-width-btn btn-flat \" id=\"default-btn-c46455f9ab69a5d27bbc040cdd8f593c\" title=\"passez vos offres d\u2019emploi\"><i class=\"icomoon-the7-font-the7-arrow-21\"><\/i><span>passez vos offres d&#8217;emploi<\/span><\/a><\/div>[\/vc_column][\/vc_row][vc_row full_width=\u00a0\u00bbstretch_row\u00a0\u00bb css=\u00a0\u00bb.vc_custom_1592819347676{padding-top: 50px !important;padding-bottom: 50px !important;background-color: #f5f5f5 !important;}\u00a0\u00bb][vc_column width=\u00a0\u00bb1\/2&Prime;]<style type=\"text\/css\" data-type=\"the7_shortcodes-inline-css\">.shortcode-single-image-wrap.shortcode-single-image-5acf9001a223e72ddc06833a29057180.enable-bg-rollover .rollover i,\n.shortcode-single-image-wrap.shortcode-single-image-5acf9001a223e72ddc06833a29057180.enable-bg-rollover .rollover-video i {\n  background: -webkit-linear-gradient();\n  background: linear-gradient();\n}\n.shortcode-single-image-wrap.shortcode-single-image-5acf9001a223e72ddc06833a29057180 .rollover-icon {\n  font-size: 32px;\n  color: #ffffff;\n  min-width: 44px;\n  min-height: 44px;\n  line-height: 44px;\n  border-radius: 100px;\n  border-style: solid;\n  border-width: 0px;\n}\n.dt-icon-bg-on.shortcode-single-image-wrap.shortcode-single-image-5acf9001a223e72ddc06833a29057180 .rollover-icon {\n  background: rgba(255,255,255,0.3);\n  box-shadow: none;\n}<\/style><div class=\"shortcode-single-image-wrap shortcode-single-image-5acf9001a223e72ddc06833a29057180 alignnone  enable-bg-rollover dt-icon-bg-off\" style=\"margin-top:0px; margin-bottom:0px; margin-left:0px; margin-right:0px; width:500px;\"><div class=\"shortcode-single-image\"><div class=\"fancy-media-wrap  layzr-bg\" style=\"border-radius:5px;\"><img decoding=\"async\" class=\"preload-me lazy-load aspect\" src=\"data:image\/svg+xml,%3Csvg%20xmlns%3D&#39;http%3A%2F%2Fwww.w3.org%2F2000%2Fsvg&#39;%20viewBox%3D&#39;0%200%20500%20333&#39;%2F%3E\" data-src=\"https:\/\/interimco.fr\/medical\/wp-content\/uploads\/sites\/8\/2020\/06\/interimco_seniors-500x333.jpg\" data-srcset=\"https:\/\/interimco.fr\/medical\/wp-content\/uploads\/sites\/8\/2020\/06\/interimco_seniors-500x333.jpg 500w, https:\/\/interimco.fr\/medical\/wp-content\/uploads\/sites\/8\/2020\/06\/interimco_seniors.jpg 1000w\" loading=\"eager\" sizes=\"(max-width: 500px) 100vw, 500px\" width=\"500\" height=\"333\"  data-dt-location=\"https:\/\/interimco.fr\/medical\/candidats\/anciens-dirigeants-seniors\/interimco_seniors\/\" style=\"--ratio: 500 \/ 333;border-radius:5px;\" alt=\"\" \/><\/div><\/div><\/div>[\/vc_column][vc_column width=\u00a0\u00bb1\/2&Prime;]<div id=\"ultimate-heading-452569e1cc9b0c854\" class=\"uvc-heading ult-adjust-bottom-margin ultimate-heading-452569e1cc9b0c854 uvc-7369 accent-border-color\" data-hspacer=\"line_only\"  data-halign=\"left\" style=\"text-align:left\"><div class=\"uvc-main-heading ult-responsive\"  data-ultimate-target='.uvc-heading.ultimate-heading-452569e1cc9b0c854 h2'  data-responsive-json-new='{\"font-size\":\"mobile_landscape:24px;\",\"line-height\":\"mobile_landscape:34px;\"}' ><h2 style=\"font-weight:bold;margin-bottom:20px;\">La sanction administrative par des p\u00e9nalit\u00e9s<\/h2><\/div><div class=\"uvc-heading-spacer line_only\" style=\"margin-bottom:65px;height:2px;\"><span class=\"uvc-headings-line\" style=\"border-style:solid;border-bottom-width:2px;border-color:;width:150px;\"><\/span><\/div><\/div>[vc_column_text]L\u2019employeur doit acquitter une p\u00e9nalit\u00e9 au Tr\u00e9sor public quand il est assujetti \u00e0 l\u2019obligation d\u2019emploi et qu\u2019il n\u2019emploie pas le nombre de travailleurs requis et ne d\u00e9montre pas la mise en \u0153uvre des diff\u00e9rentes possibilit\u00e9s d\u2019exon\u00e9ration.<\/p>\n<p>Depuis le 1er janvier 2010, les entreprises de 20 salari\u00e9s et plus qui n\u2019emploient toujours aucun salari\u00e9 handicap\u00e9 et qui n\u2019ont entrepris aucune action concr\u00e8te en leur faveur voient leur contribution \u00e0 l\u2019Agefiph (Association pour la gestion du fonds du d\u00e9veloppement pour l\u2019insertion professionnelle des handicap\u00e9s) fortement major\u00e9e.<\/p>\n<p>Le montant de cette <strong>p\u00e9nalit\u00e9<\/strong>, que l\u2019employeur doit verser au Tr\u00e9sor public est d\u00e9sormais de <strong>1500 fois le Smic horaire<\/strong> par b\u00e9n\u00e9ficiaire manquant (soit 13.230 \u20ac en 2010) major\u00e9e de 25% (article L5212-12 du code du travail).<\/p>\n<p><strong>Vous pouvez faire face \u00e0 cette obligation<\/strong> en :<\/p>\n<p>\u2013 Embauchant des int\u00e9rimaires handicap\u00e9s, ils seront d\u00e9compt\u00e9s au prorata de leur temps de pr\u00e9sence.<br \/>\n\u2013 Embauchant des personnes handicap\u00e9es en CDI ou CDD et pr\u00e9sentes dans l\u2019entreprise 6 mois, au moins, au cours de l\u2019ann\u00e9e \u00e9coul\u00e9.<\/p>\n<p><strong>Obligation d\u2019embauche de travailleurs s\u00e9niors<\/strong>[\/vc_column_text][\/vc_column][\/vc_row]<\/p>\n<\/div>","protected":false},"excerpt":{"rendered":"<p>[vc_row full_width=\u00a0\u00bbstretch_row\u00a0\u00bb gap=\u00a0\u00bb30&Prime; equal_height=\u00a0\u00bbyes\u00a0\u00bb content_placement=\u00a0\u00bbmiddle\u00a0\u00bb css=\u00a0\u00bb.vc_custom_1592818944657{padding-bottom: 80px !important;}\u00a0\u00bb][vc_column width=\u00a0\u00bb1\/2&Prime;][vc_column_text]La loi du 10 juillet 1987 oblige les entreprises d\u2019au moins 20 salari\u00e9s \u00e0 employer des personnes handicap\u00e9es \u00e0 temps plein ou partiel dans la proportion de 6 % de l\u2019effectif. Depuis le 1er janvier 2010, les entreprises qui ne respectent pas cette obligation sont durement p\u00e9nalis\u00e9es[\/vc_column_text][\/vc_column][vc_column&hellip;<\/p>\n","protected":false},"author":1,"featured_media":0,"parent":3159,"menu_order":0,"comment_status":"closed","ping_status":"closed","template":"","meta":{"footnotes":""},"class_list":["post-3209","page","type-page","status-publish","hentry","description-off"],"_links":{"self":[{"href":"https:\/\/interimco.fr\/medical\/wp-json\/wp\/v2\/pages\/3209","targetHints":{"allow":["GET"]}}],"collection":[{"href":"https:\/\/interimco.fr\/medical\/wp-json\/wp\/v2\/pages"}],"about":[{"href":"https:\/\/interimco.fr\/medical\/wp-json\/wp\/v2\/types\/page"}],"author":[{"embeddable":true,"href":"https:\/\/interimco.fr\/medical\/wp-json\/wp\/v2\/users\/1"}],"replies":[{"embeddable":true,"href":"https:\/\/interimco.fr\/medical\/wp-json\/wp\/v2\/comments?post=3209"}],"version-history":[{"count":5,"href":"https:\/\/interimco.fr\/medical\/wp-json\/wp\/v2\/pages\/3209\/revisions"}],"predecessor-version":[{"id":3666,"href":"https:\/\/interimco.fr\/medical\/wp-json\/wp\/v2\/pages\/3209\/revisions\/3666"}],"up":[{"embeddable":true,"href":"https:\/\/interimco.fr\/medical\/wp-json\/wp\/v2\/pages\/3159"}],"wp:attachment":[{"href":"https:\/\/interimco.fr\/medical\/wp-json\/wp\/v2\/media?parent=3209"}],"curies":[{"name":"wp","href":"https:\/\/api.w.org\/{rel}","templated":true}]}}