{"id":3206,"date":"2020-06-24T09:01:50","date_gmt":"2020-06-24T07:01:50","guid":{"rendered":"https:\/\/interimco.fr\/logistique\/?page_id=3206"},"modified":"2025-03-11T15:51:31","modified_gmt":"2025-03-11T13:51:31","slug":"outplacement-suite-a-licenciement-collectif-ou-pse","status":"publish","type":"page","link":"https:\/\/interimco.fr\/medical\/clients\/outplacement-suite-a-licenciement-collectif-ou-pse\/","title":{"rendered":"Outplacement suite \u00e0 licenciement collectif ou PSE"},"content":{"rendered":"<div class=\"wpb-content-wrapper\"><p>[vc_row full_width=\u00a0\u00bbstretch_row\u00a0\u00bb gap=\u00a0\u00bb30&Prime; equal_height=\u00a0\u00bbyes\u00a0\u00bb content_placement=\u00a0\u00bbmiddle\u00a0\u00bb css=\u00a0\u00bb.vc_custom_1592818944657{padding-bottom: 80px !important;}\u00a0\u00bb][vc_column width=\u00a0\u00bb1\/2&Prime;][vc_column_text]<strong>En cas d\u2019achat ou de vente d\u2019une entreprise, le repreneur a l\u2019obligation de conserver la totalit\u00e9 des salari\u00e9s.<\/strong><\/p>\n<p>INTERIM CO vous permet pour <strong>les salari\u00e9s qui ne souhaitent pas rester<\/strong> avec le nouveau repreneur, de les <strong>placer au mieux de leurs attentes<\/strong> et dans des d\u00e9lais rapides.[\/vc_column_text][\/vc_column][vc_column width=\u00a0\u00bb1\/2&Prime;]<style type=\"text\/css\" data-type=\"the7_shortcodes-inline-css\">.shortcode-single-image-wrap.shortcode-single-image-e40353d37985d9965bb0fcfdabf5ee0d.enable-bg-rollover .rollover i,\n.shortcode-single-image-wrap.shortcode-single-image-e40353d37985d9965bb0fcfdabf5ee0d.enable-bg-rollover .rollover-video i {\n  background: -webkit-linear-gradient();\n  background: linear-gradient();\n}\n.shortcode-single-image-wrap.shortcode-single-image-e40353d37985d9965bb0fcfdabf5ee0d .rollover-icon {\n  font-size: 32px;\n  color: #ffffff;\n  min-width: 44px;\n  min-height: 44px;\n  line-height: 44px;\n  border-radius: 100px;\n  border-style: solid;\n  border-width: 0px;\n}\n.dt-icon-bg-on.shortcode-single-image-wrap.shortcode-single-image-e40353d37985d9965bb0fcfdabf5ee0d .rollover-icon {\n  background: rgba(255,255,255,0.3);\n  box-shadow: none;\n}<\/style><div class=\"shortcode-single-image-wrap shortcode-single-image-e40353d37985d9965bb0fcfdabf5ee0d alignnone  enable-bg-rollover dt-icon-bg-off\" style=\"margin-top:0px; margin-bottom:0px; margin-left:0px; margin-right:0px; width:500px;\"><div class=\"shortcode-single-image\"><div class=\"fancy-media-wrap  layzr-bg\" style=\"border-radius:5px;\"><img fetchpriority=\"high\" decoding=\"async\" class=\"preload-me lazy-load aspect\" src=\"data:image\/svg+xml,%3Csvg%20xmlns%3D&#39;http%3A%2F%2Fwww.w3.org%2F2000%2Fsvg&#39;%20viewBox%3D&#39;0%200%20500%20304&#39;%2F%3E\" data-src=\"https:\/\/interimco.fr\/medical\/wp-content\/uploads\/sites\/8\/2020\/06\/clients_interim_co-500x304.jpg\" data-srcset=\"https:\/\/interimco.fr\/medical\/wp-content\/uploads\/sites\/8\/2020\/06\/clients_interim_co-500x304.jpg 500w, https:\/\/interimco.fr\/medical\/wp-content\/uploads\/sites\/8\/2020\/06\/clients_interim_co.jpg 1000w\" loading=\"eager\" sizes=\"(max-width: 500px) 100vw, 500px\" width=\"500\" height=\"304\"  data-dt-location=\"https:\/\/interimco.fr\/medical\/home\/clients_interim_co\/\" style=\"--ratio: 500 \/ 304;border-radius:5px;\" alt=\"\" \/><\/div><\/div><\/div>[\/vc_column][\/vc_row][vc_row equal_height=\u00a0\u00bbyes\u00a0\u00bb content_placement=\u00a0\u00bbmiddle\u00a0\u00bb bg_type=\u00a0\u00bbbg_color\u00a0\u00bb bg_override=\u00a0\u00bbfull\u00a0\u00bb css=\u00a0\u00bb.vc_custom_1741701090066{padding-top: 60px !important;padding-bottom: 30px !important;}\u00a0\u00bb bg_color_value=\u00a0\u00bb#00B70C\u00a0\u00bb][vc_column width=\u00a0\u00bb1\/2&Prime; css=\u00a0\u00bb.vc_custom_1580038666315{padding-bottom: 30px !important;}\u00a0\u00bb offset=\u00a0\u00bbvc_col-lg-8 vc_col-md-7&Prime;]<div id=\"ultimate-heading-675469ddf634930c1\" class=\"uvc-heading ult-adjust-bottom-margin ultimate-heading-675469ddf634930c1 uvc-9306 \" data-hspacer=\"no_spacer\"  data-halign=\"left\" style=\"text-align:left\"><div class=\"uvc-heading-spacer no_spacer\" style=\"top\"><\/div><div class=\"uvc-main-heading ult-responsive\"  data-ultimate-target='.uvc-heading.ultimate-heading-675469ddf634930c1 h2'  data-responsive-json-new='{\"font-size\":\"mobile_landscape:24px;\",\"line-height\":\"mobile_landscape:34px;\"}' ><h2 style=\"--font-weight:theme;color:#ffffff;\">AUCUN ABONNEMENT. N\u2019h\u00e9sitez pas \u00e0 nous contacter !<\/h2><\/div><\/div>[\/vc_column][vc_column width=\u00a0\u00bb1\/2&Prime; css=\u00a0\u00bb.vc_custom_1580038658810{padding-bottom: 30px !important;}\u00a0\u00bb offset=\u00a0\u00bbvc_col-lg-4 vc_col-md-5&Prime;]<style type=\"text\/css\" data-type=\"the7_shortcodes-inline-css\">#default-btn-c46455f9ab69a5d27bbc040cdd8f593c {\n  border-radius: 5px;\n  font-size: 20px;\n  line-height: 22px;\n}\n.btn-shadow#default-btn-c46455f9ab69a5d27bbc040cdd8f593c {\n  box-shadow: 0 1px 6px rgba(0,0,0,0.12);\n  transition: box-shadow 0.2s ease-out, opacity 0.45s;\n}\n.btn-shadow#default-btn-c46455f9ab69a5d27bbc040cdd8f593c:hover {\n  box-shadow: 0 5px 11px 0 rgba(0,0,0,0.18), 0 4px 15px 0 rgba(0,0,0,0.15);\n}\n.btn-3d#default-btn-c46455f9ab69a5d27bbc040cdd8f593c:hover {\n  box-shadow: 0px 2px 0px 0px #e0e0e0;\n}\n.btn-flat#default-btn-c46455f9ab69a5d27bbc040cdd8f593c {\n  box-shadow: none;\n}\n.btn-flat#default-btn-c46455f9ab69a5d27bbc040cdd8f593c:hover {\n  box-shadow: none;\n}\n#default-btn-c46455f9ab69a5d27bbc040cdd8f593c.ico-right-side > i {\n  margin-right: 0px;\n  margin-left: 15px;\n}\n#default-btn-c46455f9ab69a5d27bbc040cdd8f593c > i {\n  margin-right: 15px;\n  font-size: 24px;\n}\n#default-btn-c46455f9ab69a5d27bbc040cdd8f593c:not(:hover) {\n  border-width: 3px;\n  border-color: #ffffff !important;\n  color: #ffffff;\n  background: none !important;\n  padding: 18px 10px 18px 10px;\n}\n#default-btn-c46455f9ab69a5d27bbc040cdd8f593c:not(:hover) * {\n  color: #ffffff;\n}\n#default-btn-c46455f9ab69a5d27bbc040cdd8f593c:hover {\n  border-width: 0px;\n  color: #1e73be;\n  background: #ffffff !important;\n  padding: 21px 13px 21px 13px;\n}\n#default-btn-c46455f9ab69a5d27bbc040cdd8f593c:hover * {\n  color: #1e73be;\n}\n#default-btn-c46455f9ab69a5d27bbc040cdd8f593c.ico-right-side > i {\n  margin-right: 0px;\n  margin-left: 15px;\n}\n#default-btn-c46455f9ab69a5d27bbc040cdd8f593c > i {\n  margin-right: 15px;\n}<\/style><div class=\"btn-align-center\"><a href=\"https:\/\/interimco.fr\/clients\/passez-vos-offres-demploi\/\" class=\"default-btn-shortcode dt-btn link-hover-off full-width-btn btn-flat \" id=\"default-btn-c46455f9ab69a5d27bbc040cdd8f593c\" title=\"passez vos offres d\u2019emploi\"><i class=\"icomoon-the7-font-the7-arrow-21\"><\/i><span>passez vos offres d&#8217;emploi<\/span><\/a><\/div>[\/vc_column][\/vc_row][vc_row full_width=\u00a0\u00bbstretch_row\u00a0\u00bb css=\u00a0\u00bb.vc_custom_1592819347676{padding-top: 50px !important;padding-bottom: 50px !important;background-color: #f5f5f5 !important;}\u00a0\u00bb][vc_column width=\u00a0\u00bb1\/2&Prime;]<style type=\"text\/css\" data-type=\"the7_shortcodes-inline-css\">.shortcode-single-image-wrap.shortcode-single-image-6c5b98527ac0fb52aa5c4db88261ccef.enable-bg-rollover .rollover i,\n.shortcode-single-image-wrap.shortcode-single-image-6c5b98527ac0fb52aa5c4db88261ccef.enable-bg-rollover .rollover-video i {\n  background: -webkit-linear-gradient();\n  background: linear-gradient();\n}\n.shortcode-single-image-wrap.shortcode-single-image-6c5b98527ac0fb52aa5c4db88261ccef .rollover-icon {\n  font-size: 32px;\n  color: #ffffff;\n  min-width: 44px;\n  min-height: 44px;\n  line-height: 44px;\n  border-radius: 100px;\n  border-style: solid;\n  border-width: 0px;\n}\n.dt-icon-bg-on.shortcode-single-image-wrap.shortcode-single-image-6c5b98527ac0fb52aa5c4db88261ccef .rollover-icon {\n  background: rgba(255,255,255,0.3);\n  box-shadow: none;\n}<\/style><div class=\"shortcode-single-image-wrap shortcode-single-image-6c5b98527ac0fb52aa5c4db88261ccef alignnone  enable-bg-rollover dt-icon-bg-off\" style=\"margin-top:0px; margin-bottom:0px; margin-left:0px; margin-right:0px; width:500px;\"><div class=\"shortcode-single-image\"><div class=\"fancy-media-wrap  layzr-bg\" style=\"border-radius:5px;\"><img decoding=\"async\" class=\"preload-me lazy-load aspect\" src=\"data:image\/svg+xml,%3Csvg%20xmlns%3D&#39;http%3A%2F%2Fwww.w3.org%2F2000%2Fsvg&#39;%20viewBox%3D&#39;0%200%20500%20333&#39;%2F%3E\" data-src=\"https:\/\/interimco.fr\/medical\/wp-content\/uploads\/sites\/8\/2020\/06\/client_interimco-500x333.jpg\" data-srcset=\"https:\/\/interimco.fr\/medical\/wp-content\/uploads\/sites\/8\/2020\/06\/client_interimco-500x333.jpg 500w, https:\/\/interimco.fr\/medical\/wp-content\/uploads\/sites\/8\/2020\/06\/client_interimco.jpg 1000w\" loading=\"eager\" sizes=\"(max-width: 500px) 100vw, 500px\" width=\"500\" height=\"333\"  data-dt-location=\"https:\/\/interimco.fr\/medical\/home\/client_interimco\/\" style=\"--ratio: 500 \/ 333;border-radius:5px;\" alt=\"\" \/><\/div><\/div><\/div>[\/vc_column][vc_column width=\u00a0\u00bb1\/2&Prime;][vc_column_text]INTERIM CO intervient<\/p>\n<p><strong>Aupr\u00e8s de l\u2019entreprise<\/strong> :<br \/>\nEn qualit\u00e9 de conseil au plan de la communication interne et\/ou externe,<br \/>\nEn qualit\u00e9 d\u2019expert sur le choix des mesures sociales appropri\u00e9es au contexte de la population, des bassins de l\u2019emploi concern\u00e9s.<\/p>\n<p><strong>Aupr\u00e8s des salari\u00e9s<\/strong> :<br \/>\nEn les accompagnants dans leur recherche d\u2019un nouvel emploi interne ou externe, dans le respect de leurs caract\u00e9ristiques personnelles et professionnelles, de leurs besoins fondamentaux, de leurs contraintes,<\/p>\n<p>Dans la r\u00e9alisation, en amont de tout licenciement, de toute \u00e9tude facilitant le reclassement des personnes<\/p>\n<p><strong>Vous avez vendu votre entreprise<\/strong>, vous \u00e9tiez artisan, g\u00e9rant\u2026 Vous \u00eates \u00e0 la recherche d\u2019une nouvel entreprise mais vous ne voulez pas toucher \u00e0 votre capital, inscrivez vous chez INTERIM CO : Vous aurez un salaire et des bulletins de paye et cotiserez \u00e0 la retraite, ch\u00f4mage etc.\u2026[\/vc_column_text][\/vc_column][\/vc_row]<\/p>\n<\/div>","protected":false},"excerpt":{"rendered":"<p>[vc_row full_width=\u00a0\u00bbstretch_row\u00a0\u00bb gap=\u00a0\u00bb30&Prime; equal_height=\u00a0\u00bbyes\u00a0\u00bb content_placement=\u00a0\u00bbmiddle\u00a0\u00bb css=\u00a0\u00bb.vc_custom_1592818944657{padding-bottom: 80px !important;}\u00a0\u00bb][vc_column width=\u00a0\u00bb1\/2&Prime;][vc_column_text]En cas d\u2019achat ou de vente d\u2019une entreprise, le repreneur a l\u2019obligation de conserver la totalit\u00e9 des salari\u00e9s. INTERIM CO vous permet pour les salari\u00e9s qui ne souhaitent pas rester avec le nouveau repreneur, de les placer au mieux de leurs attentes et dans des d\u00e9lais rapides.[\/vc_column_text][\/vc_column][vc_column&hellip;<\/p>\n","protected":false},"author":1,"featured_media":0,"parent":3159,"menu_order":0,"comment_status":"closed","ping_status":"closed","template":"","meta":{"footnotes":""},"class_list":["post-3206","page","type-page","status-publish","hentry","description-off"],"_links":{"self":[{"href":"https:\/\/interimco.fr\/medical\/wp-json\/wp\/v2\/pages\/3206","targetHints":{"allow":["GET"]}}],"collection":[{"href":"https:\/\/interimco.fr\/medical\/wp-json\/wp\/v2\/pages"}],"about":[{"href":"https:\/\/interimco.fr\/medical\/wp-json\/wp\/v2\/types\/page"}],"author":[{"embeddable":true,"href":"https:\/\/interimco.fr\/medical\/wp-json\/wp\/v2\/users\/1"}],"replies":[{"embeddable":true,"href":"https:\/\/interimco.fr\/medical\/wp-json\/wp\/v2\/comments?post=3206"}],"version-history":[{"count":5,"href":"https:\/\/interimco.fr\/medical\/wp-json\/wp\/v2\/pages\/3206\/revisions"}],"predecessor-version":[{"id":3665,"href":"https:\/\/interimco.fr\/medical\/wp-json\/wp\/v2\/pages\/3206\/revisions\/3665"}],"up":[{"embeddable":true,"href":"https:\/\/interimco.fr\/medical\/wp-json\/wp\/v2\/pages\/3159"}],"wp:attachment":[{"href":"https:\/\/interimco.fr\/medical\/wp-json\/wp\/v2\/media?parent=3206"}],"curies":[{"name":"wp","href":"https:\/\/api.w.org\/{rel}","templated":true}]}}